{"id":204,"date":"2023-11-25T12:30:33","date_gmt":"2023-11-25T11:30:33","guid":{"rendered":"https:\/\/stact.at\/?page_id=204"},"modified":"2025-11-22T14:34:46","modified_gmt":"2025-11-22T13:34:46","slug":"kooperationszuschuesse","status":"publish","type":"page","link":"https:\/\/stact.at\/?page_id=204","title":{"rendered":"Kooperationszusch\u00fcsse"},"content":{"rendered":"\n<div class=\"wp-block-group alignfull has-base-background-color has-background has-global-padding is-layout-constrained wp-container-core-group-is-layout-d89aad35 wp-block-group-is-layout-constrained\" style=\"margin-top:0;margin-bottom:0;padding-top:var(--wp--preset--spacing--50);padding-right:var(--wp--preset--spacing--50);padding-bottom:var(--wp--preset--spacing--50);padding-left:var(--wp--preset--spacing--50)\">\n<div class=\"wp-block-columns alignwide is-layout-flex wp-container-core-columns-is-layout-549b0c86 wp-block-columns-is-layout-flex\">\n<div class=\"wp-block-column has-global-padding is-content-justification-left is-layout-constrained wp-container-core-column-is-layout-4f15e8fe wp-block-column-is-layout-constrained\" style=\"flex-basis:40%\">\n<p><strong>Kooperationszusch\u00fcsse f\u00fcr innovative Unterrichtsprojekte im Rahmen von Talente regional 2022<\/strong><\/p>\n\n\n\n<div style=\"height:30px\" aria-hidden=\"true\" class=\"wp-block-spacer\"><\/div>\n\n\n\n<p><strong>Informationen zur Beantragung finden Sie unter:<\/strong><\/p>\n\n\n\n<p><a href=\"https:\/\/www.ffg.at\/talente-regional\/2022\">https:\/\/www.ffg.at\/talente-regional\/2022<\/a><\/p>\n\n\n\n<div style=\"height:30px\" aria-hidden=\"true\" class=\"wp-block-spacer\"><\/div>\n\n\n\n<p><strong>Kontakt und Information f\u00fcr Kooperationszusch\u00fcsse im Rahmen von \u00bbStAct\u00ab:<\/strong><\/p>\n\n\n\n<div style=\"height:30px\" aria-hidden=\"true\" class=\"wp-block-spacer\"><\/div>\n\n\n\n<p>Dr. Reinhard Bauer<\/p>\n\n\n\n<p><a href=\"mailto:reinhard.bauer@phwien.ac.at\">reinhard.bauer@phwien.ac.at<\/a><\/p>\n\n\n\n<div style=\"height:30px\" aria-hidden=\"true\" class=\"wp-block-spacer\"><\/div>\n\n\n\n<div class=\"wp-block-buttons is-layout-flex wp-block-buttons-is-layout-flex\">\n<div class=\"wp-block-button\"><a class=\"wp-block-button__link wp-element-button\" href=\"https:\/\/www.ffg.at\/sites\/default\/files\/allgemeine_downloads\/strukturprogramme\/Talente\/Talente%20regional\/StAct_bf.pdf\">Projektkurzbeschreibung \u00bbStAct\u00ab<\/a><\/div>\n<\/div>\n<\/div>\n\n\n\n<div class=\"wp-block-column is-layout-flow wp-container-core-column-is-layout-119bc444 wp-block-column-is-layout-flow\" style=\"flex-basis:60%\">\n<p class=\"has-heading-font-family has-x-large-font-size\" style=\"line-height:1.2\">Mehr junge Menschen f\u00fcr eine Karriere in der \u00f6sterreichischen Forschungslandschaft zu begeistern ist das Ziel von Talente regional.<\/p>\n\n\n\n<div class=\"wp-block-columns is-layout-flex wp-container-core-columns-is-layout-87beb0d0 wp-block-columns-is-layout-flex\">\n<div class=\"wp-block-column is-layout-flow wp-block-column-is-layout-flow\">\n<p class=\"wp-container-content-9cfa9a5a\">Ein Kooperationszuschuss ist eine Pauschalf\u00f6rderung f\u00fcr P\u00e4dagog*innen in der H\u00f6he von 1.000 Euro, die es Kindern und Jugendlichen erm\u00f6glichen soll, sich im Rahmen des Unterrichts mit spannenden Themen in Naturwissenschaft und Technik zu besch\u00e4ftigen und selbst in die Rolle von Forschenden zu schl\u00fcpfen. Jedem Kinder-garten, jeder Schule in ganz \u00d6sterreich ist es dadurch m\u00f6glich, Unterrichtsprojekte durchzuf\u00fchren, f\u00fcr die keine Mittel in der eigenen Einrichtung zur Verf\u00fcgung stehen. <\/p>\n\n\n\n<p class=\"wp-container-content-9cfa9a5a\"><\/p>\n\n\n\n<div style=\"height:20px\" aria-hidden=\"true\" class=\"wp-block-spacer\"><\/div>\n\n\n\n<p>Wir laden Bildungseinrichtungen in ganz \u00d6sterreich dazu ein herauszufinden, welche<\/p>\n<\/div>\n\n\n\n<div class=\"wp-block-column is-layout-flow wp-block-column-is-layout-flow\">\n<p>Ideen und Anforderungen Kinder und Jugendliche f\u00fcr und an eine moderne und innovative Entrepreneurship haben, die den<br>Anforderungen der rasanten Digitalisierung und den damit verbundenen Ver\u00e4nderungen in der Berufswelt begegnen und so einen Beitrag zu aktuellen massiven gesellschaft-lichen Herausforderungen leisten kann, welche in den SDGs der Agenda 2030 ihre Entsprechung finden.<\/p>\n\n\n\n<div style=\"height:20px\" aria-hidden=\"true\" class=\"wp-block-spacer\"><\/div>\n\n\n\n<p>Die Vergabe der Kooperationszusch\u00fcsse erfolgt nachdem First-Come-First-Served-Prinzip.<\/p>\n<\/div>\n<\/div>\n<\/div>\n<\/div>\n<\/div>\n\n\n\n<div class=\"wp-block-cover alignfull has-parallax\" style=\"padding-top:var(--wp--preset--spacing--50);padding-right:var(--wp--preset--spacing--50);padding-bottom:var(--wp--preset--spacing--50);padding-left:var(--wp--preset--spacing--50);min-height:100vh;aspect-ratio:unset;\"><div class=\"wp-block-cover__image-background wp-image-208 has-parallax\" style=\"background-position:50% 50%;background-image:url(https:\/\/stact.at\/wp-content\/uploads\/2023\/11\/Zeichenflaeche-1-Kopie@144x.png)\"><\/div><span aria-hidden=\"true\" class=\"wp-block-cover__background has-base-background-color has-background-dim-0 has-background-dim\"><\/span><div class=\"wp-block-cover__inner-container has-global-padding is-layout-constrained wp-container-core-cover-is-layout-e4fd886c wp-block-cover-is-layout-constrained\">\n<div style=\"height:500px\" aria-hidden=\"true\" class=\"wp-block-spacer\"><\/div>\n<\/div><\/div>\n\n\n\n<div class=\"wp-block-group alignfull has-base-2-background-color has-background has-global-padding is-layout-constrained wp-container-core-group-is-layout-7cd14b77 wp-block-group-is-layout-constrained\" style=\"margin-top:0;margin-bottom:0;padding-top:var(--wp--preset--spacing--60);padding-right:var(--wp--preset--spacing--60);padding-bottom:var(--wp--preset--spacing--60);padding-left:var(--wp--preset--spacing--60)\">\n<div class=\"wp-block-group alignwide is-layout-flow wp-block-group-is-layout-flow\">\n<div style=\"height:var(--wp--preset--spacing--50)\" aria-hidden=\"true\" class=\"wp-block-spacer\"><\/div>\n\n\n\n<p class=\"has-text-align-center has-accent-3-color has-text-color has-link-color has-heading-font-family has-xx-large-font-size wp-elements-39f4b7c1e1d9b537a9ad96fe7eb2c6f2\" style=\"font-style:normal;font-weight:400;line-height:1.2\">Gro\u00dfe Neugier ist der beste Start.<\/p>\n\n\n\n<p class=\"has-text-align-center has-heading-font-family has-x-large-font-size\" style=\"font-style:normal;font-weight:400;line-height:1.2\">Erforsche und gestalte deine Zukunft in der digitalen Welt.<\/p>\n\n\n\n<div style=\"height:var(--wp--preset--spacing--50)\" aria-hidden=\"true\" class=\"wp-block-spacer\"><\/div>\n<\/div>\n<\/div>\n\n\n\n<div class=\"wp-block-cover alignfull is-light\" style=\"margin-top:0;padding-top:5vw;padding-right:5vw;padding-bottom:5vw;padding-left:5vw\"><span aria-hidden=\"true\" class=\"wp-block-cover__background has-background-dim-100 has-background-dim\" style=\"background-color:#e68b14\"><\/span><div class=\"wp-block-cover__inner-container is-layout-flow wp-block-cover-is-layout-flow\">\n<div class=\"wp-block-group is-layout-flex wp-container-core-group-is-layout-d0921e6e wp-block-group-is-layout-flex\">\n<div class=\"wp-block-group wp-container-content-8eb0bdf3 is-layout-flow wp-container-core-group-is-layout-634f0b9d wp-block-group-is-layout-flow\">\n<p class=\"has-system-sans-serif-font-family wp-container-content-aeb25491\" style=\"font-size:clamp(14px, 0.875rem + ((1vw - 3.2px) * 0.313), 17px);font-style:normal;font-weight:300;letter-spacing:0px;line-height:1.4;text-decoration:none;text-transform:none\">Im Rahmen von <strong>StAct<\/strong> konnten wir zehn Kooperationszusch\u00fcsse in H\u00f6he von jeweils 1.000 Euro an engagierte P\u00e4dagog*innen vergeben, die mit ihren Kindern und Sch\u00fcler*innen eigene Projekte im Geiste von StAct initiiert und umgesetzt haben.<\/p>\n\n\n\n<p>Die gef\u00f6rderten Vorhaben greifen zentrale Themen wie Nachhaltigkeit, soziales Miteinander, digitale Transformation und gesellschaftliche Verantwortung auf und zeigen eindrucksvoll, wie vielf\u00e4ltig Bildung heute gedacht und gelebt werden kann.<\/p>\n\n\n\n<p>Wir sind dankbar, mit Unterst\u00fctzung der <strong>FFG<\/strong> und des <strong>BMK<\/strong> diese mutigen, kreativen und zukunftsorientierten Projekte begleitet und gest\u00e4rkt zu haben.<\/p>\n\n\n\n<p class=\"wp-container-content-aeb25491\" style=\"font-size:clamp(14px, 0.875rem + ((1vw - 3.2px) * 0.313), 17px);font-style:normal;font-weight:300;letter-spacing:0px;line-height:1.4;text-decoration:none;text-transform:none\"><strong>Diese Bildungseinrichtungen wurden mit einem Kooperationszuschuss ausgezeichnet:<\/strong><\/p>\n\n\n\n<div class=\"wp-block-buttons is-layout-flex wp-block-buttons-is-layout-flex\">\n<div class=\"wp-block-button is-style-fill\"><a class=\"wp-block-button__link has-white-color has-black-background-color has-text-color has-background has-custom-font-size wp-element-button\" href=\"https:\/\/stact.at\/?page_id=738\" style=\"border-radius:0px;border-top-style:none;border-top-width:0px;border-right-style:none;border-right-width:0px;border-bottom-style:none;border-bottom-width:0px;border-left-style:none;border-left-width:0px;padding-top:14px;padding-right:36px;padding-bottom:14px;padding-left:36px;font-size:clamp(14px, 0.875rem + ((1vw - 3.2px) * 0.313), 17px);font-style:normal;font-weight:700;letter-spacing:0px;text-decoration:none;text-transform:uppercase\">Bitte  hier  klicken<\/a><\/div>\n<\/div>\n<\/div>\n\n\n\n<div class=\"wp-block-group wp-container-content-9cfa9a5a is-layout-flow wp-container-core-group-is-layout-d6743c7d wp-block-group-is-layout-flow\">\n<p class=\"has-text-align-right has-black-color has-text-color\" style=\"font-size:clamp(67.975px, 4.248rem + ((1vw - 3.2px) * 8.336), 148px);font-style:normal;font-weight:700;letter-spacing:-4px;line-height:0.8;text-transform:uppercase\">Kooperations<br>zuschuesse<\/p>\n\n\n\n<p class=\"has-text-align-right has-white-color has-text-color\" style=\"font-size:clamp(67.975px, 4.248rem + ((1vw - 3.2px) * 8.336), 148px);font-style:normal;font-weight:700;letter-spacing:-4px;line-height:0.8;text-transform:uppercase\">fuer<br>Mutige<br>Bildungs<br>Projekte<\/p>\n<\/div>\n<\/div>\n<\/div><\/div>\n","protected":false},"excerpt":{"rendered":"<p>Kooperationszusch\u00fcsse f\u00fcr innovative Unterrichtsprojekte im Rahmen von Talente regional 2022 Informationen zur Beantragung finden Sie unter: https:\/\/www.ffg.at\/talente-regional\/2022 Kontakt und Information f\u00fcr Kooperationszusch\u00fcsse im Rahmen von \u00bbStAct\u00ab: Dr. Reinhard Bauer reinhard.bauer@phwien.ac.at Mehr junge Menschen f\u00fcr eine Karriere in der \u00f6sterreichischen Forschungslandschaft zu begeistern ist das Ziel von Talente regional. Ein Kooperationszuschuss ist eine Pauschalf\u00f6rderung f\u00fcr P\u00e4dagog*innen [&hellip;]<\/p>\n","protected":false},"author":2,"featured_media":0,"parent":0,"menu_order":0,"comment_status":"closed","ping_status":"closed","template":"","meta":{"footnotes":""},"class_list":["post-204","page","type-page","status-publish","hentry"],"_links":{"self":[{"href":"https:\/\/stact.at\/index.php?rest_route=\/wp\/v2\/pages\/204","targetHints":{"allow":["GET"]}}],"collection":[{"href":"https:\/\/stact.at\/index.php?rest_route=\/wp\/v2\/pages"}],"about":[{"href":"https:\/\/stact.at\/index.php?rest_route=\/wp\/v2\/types\/page"}],"author":[{"embeddable":true,"href":"https:\/\/stact.at\/index.php?rest_route=\/wp\/v2\/users\/2"}],"replies":[{"embeddable":true,"href":"https:\/\/stact.at\/index.php?rest_route=%2Fwp%2Fv2%2Fcomments&post=204"}],"version-history":[{"count":8,"href":"https:\/\/stact.at\/index.php?rest_route=\/wp\/v2\/pages\/204\/revisions"}],"predecessor-version":[{"id":820,"href":"https:\/\/stact.at\/index.php?rest_route=\/wp\/v2\/pages\/204\/revisions\/820"}],"wp:attachment":[{"href":"https:\/\/stact.at\/index.php?rest_route=%2Fwp%2Fv2%2Fmedia&parent=204"}],"curies":[{"name":"wp","href":"https:\/\/api.w.org\/{rel}","templated":true}]}}

Kooperationszuschüsse

<div class="wp-block-group alignfull has-base-background-color has-background has-global-padding is-layout-constrained wp-container-core-group-is-layout-d89aad35 wp-block-group-is-layout-constrained" style="margin-top:0;margin-bottom:0;padding-top:var(--wp--preset--spacing--50);padding-right:var(--wp--preset--spacing--50);padding-bottom:var(--wp--preset--spacing--50);padding-left:var(--wp--preset--spacing--50)">
<div class="wp-block-columns alignwide is-layout-flex wp-container-core-columns-is-layout-549b0c86 wp-block-columns-is-layout-flex">
<div class="wp-block-column has-global-padding is-content-justification-left is-layout-constrained wp-container-core-column-is-layout-4f15e8fe wp-block-column-is-layout-constrained" style="flex-basis:40%">
<p><strong>Kooperationszuschüsse für innovative Unterrichtsprojekte im Rahmen von Talente regional 2022</strong></p>



<div style="height:30px" aria-hidden="true" class="wp-block-spacer"></div>



<p><strong>Informationen zur Beantragung finden Sie unter:</strong></p>



<p><a href="https://www.ffg.at/talente-regional/2022">https://www.ffg.at/talente-regional/2022</a></p>



<div style="height:30px" aria-hidden="true" class="wp-block-spacer"></div>



<p><strong>Kontakt und Information für Kooperationszuschüsse im Rahmen von »StAct«:</strong></p>



<div style="height:30px" aria-hidden="true" class="wp-block-spacer"></div>



<p>Dr. Reinhard Bauer</p>



<p><a href="mailto:reinhard.bauer@phwien.ac.at">reinhard.bauer@phwien.ac.at</a></p>



<div style="height:30px" aria-hidden="true" class="wp-block-spacer"></div>



<div class="wp-block-buttons is-layout-flex wp-block-buttons-is-layout-flex">
<div class="wp-block-button"><a class="wp-block-button__link wp-element-button" href="https://www.ffg.at/sites/default/files/allgemeine_downloads/strukturprogramme/Talente/Talente%20regional/StAct_bf.pdf">Projektkurzbeschreibung »StAct«</a></div>
</div>
</div>



<div class="wp-block-column is-layout-flow wp-container-core-column-is-layout-119bc444 wp-block-column-is-layout-flow" style="flex-basis:60%">
<p class="has-heading-font-family has-x-large-font-size" style="line-height:1.2">Mehr junge Menschen für eine Karriere in der österreichischen Forschungslandschaft zu begeistern ist das Ziel von Talente regional.</p>



<div class="wp-block-columns is-layout-flex wp-container-core-columns-is-layout-87beb0d0 wp-block-columns-is-layout-flex">
<div class="wp-block-column is-layout-flow wp-block-column-is-layout-flow">
<p class="wp-container-content-9cfa9a5a">Ein Kooperationszuschuss ist eine Pauschalförderung für Pädagog*innen in der Höhe von 1.000 Euro, die es Kindern und Jugendlichen ermöglichen soll, sich im Rahmen des Unterrichts mit spannenden Themen in Naturwissenschaft und Technik zu beschäftigen und selbst in die Rolle von Forschenden zu schlüpfen. Jedem Kinder-garten, jeder Schule in ganz Österreich ist es dadurch möglich, Unterrichtsprojekte durchzuführen, für die keine Mittel in der eigenen Einrichtung zur Verfügung stehen. </p>



<p class="wp-container-content-9cfa9a5a"></p>



<div style="height:20px" aria-hidden="true" class="wp-block-spacer"></div>



<p>Wir laden Bildungseinrichtungen in ganz Österreich dazu ein herauszufinden, welche</p>
</div>



<div class="wp-block-column is-layout-flow wp-block-column-is-layout-flow">
<p>Ideen und Anforderungen Kinder und Jugendliche für und an eine moderne und innovative Entrepreneurship haben, die den<br>Anforderungen der rasanten Digitalisierung und den damit verbundenen Veränderungen in der Berufswelt begegnen und so einen Beitrag zu aktuellen massiven gesellschaft-lichen Herausforderungen leisten kann, welche in den SDGs der Agenda 2030 ihre Entsprechung finden.</p>



<div style="height:20px" aria-hidden="true" class="wp-block-spacer"></div>



<p>Die Vergabe der Kooperationszuschüsse erfolgt nachdem First-Come-First-Served-Prinzip.</p>
</div>
</div>
</div>
</div>
</div>



<div class="wp-block-cover alignfull has-parallax" style="padding-top:var(--wp--preset--spacing--50);padding-right:var(--wp--preset--spacing--50);padding-bottom:var(--wp--preset--spacing--50);padding-left:var(--wp--preset--spacing--50);min-height:100vh;aspect-ratio:unset;"><div class="wp-block-cover__image-background wp-image-208 has-parallax" style="background-position:50% 50%;background-image:url(https://stact.at/wp-content/uploads/2023/11/Zeichenflaeche-1-Kopie@144x.png)"></div><span aria-hidden="true" class="wp-block-cover__background has-base-background-color has-background-dim-0 has-background-dim"></span><div class="wp-block-cover__inner-container has-global-padding is-layout-constrained wp-container-core-cover-is-layout-e4fd886c wp-block-cover-is-layout-constrained">
<div style="height:500px" aria-hidden="true" class="wp-block-spacer"></div>
</div></div>



<div class="wp-block-group alignfull has-base-2-background-color has-background has-global-padding is-layout-constrained wp-container-core-group-is-layout-7cd14b77 wp-block-group-is-layout-constrained" style="margin-top:0;margin-bottom:0;padding-top:var(--wp--preset--spacing--60);padding-right:var(--wp--preset--spacing--60);padding-bottom:var(--wp--preset--spacing--60);padding-left:var(--wp--preset--spacing--60)">
<div class="wp-block-group alignwide is-layout-flow wp-block-group-is-layout-flow">
<div style="height:var(--wp--preset--spacing--50)" aria-hidden="true" class="wp-block-spacer"></div>



<p class="has-text-align-center has-accent-3-color has-text-color has-link-color has-heading-font-family has-xx-large-font-size wp-elements-39f4b7c1e1d9b537a9ad96fe7eb2c6f2" style="font-style:normal;font-weight:400;line-height:1.2">Große Neugier ist der beste Start.</p>



<p class="has-text-align-center has-heading-font-family has-x-large-font-size" style="font-style:normal;font-weight:400;line-height:1.2">Erforsche und gestalte deine Zukunft in der digitalen Welt.</p>



<div style="height:var(--wp--preset--spacing--50)" aria-hidden="true" class="wp-block-spacer"></div>
</div>
</div>



<div class="wp-block-cover alignfull is-light" style="margin-top:0;padding-top:5vw;padding-right:5vw;padding-bottom:5vw;padding-left:5vw"><span aria-hidden="true" class="wp-block-cover__background has-background-dim-100 has-background-dim" style="background-color:#e68b14"></span><div class="wp-block-cover__inner-container is-layout-flow wp-block-cover-is-layout-flow">
<div class="wp-block-group is-layout-flex wp-container-core-group-is-layout-d0921e6e wp-block-group-is-layout-flex">
<div class="wp-block-group wp-container-content-8eb0bdf3 is-layout-flow wp-container-core-group-is-layout-634f0b9d wp-block-group-is-layout-flow">
<p class="has-system-sans-serif-font-family wp-container-content-aeb25491" style="font-size:clamp(14px, 0.875rem + ((1vw - 3.2px) * 0.313), 17px);font-style:normal;font-weight:300;letter-spacing:0px;line-height:1.4;text-decoration:none;text-transform:none">Im Rahmen von <strong>StAct</strong> konnten wir zehn Kooperationszuschüsse in Höhe von jeweils 1.000 Euro an engagierte Pädagog*innen vergeben, die mit ihren Kindern und Schüler*innen eigene Projekte im Geiste von StAct initiiert und umgesetzt haben.</p>



<p>Die geförderten Vorhaben greifen zentrale Themen wie Nachhaltigkeit, soziales Miteinander, digitale Transformation und gesellschaftliche Verantwortung auf und zeigen eindrucksvoll, wie vielfältig Bildung heute gedacht und gelebt werden kann.</p>



<p>Wir sind dankbar, mit Unterstützung der <strong>FFG</strong> und des <strong>BMK</strong> diese mutigen, kreativen und zukunftsorientierten Projekte begleitet und gestärkt zu haben.</p>



<p class="wp-container-content-aeb25491" style="font-size:clamp(14px, 0.875rem + ((1vw - 3.2px) * 0.313), 17px);font-style:normal;font-weight:300;letter-spacing:0px;line-height:1.4;text-decoration:none;text-transform:none"><strong>Diese Bildungseinrichtungen wurden mit einem Kooperationszuschuss ausgezeichnet:</strong></p>



<div class="wp-block-buttons is-layout-flex wp-block-buttons-is-layout-flex">
<div class="wp-block-button is-style-fill"><a class="wp-block-button__link has-white-color has-black-background-color has-text-color has-background has-custom-font-size wp-element-button" href="https://stact.at/?page_id=738" style="border-radius:0px;border-top-style:none;border-top-width:0px;border-right-style:none;border-right-width:0px;border-bottom-style:none;border-bottom-width:0px;border-left-style:none;border-left-width:0px;padding-top:14px;padding-right:36px;padding-bottom:14px;padding-left:36px;font-size:clamp(14px, 0.875rem + ((1vw - 3.2px) * 0.313), 17px);font-style:normal;font-weight:700;letter-spacing:0px;text-decoration:none;text-transform:uppercase">Bitte  hier  klicken</a></div>
</div>
</div>



<div class="wp-block-group wp-container-content-9cfa9a5a is-layout-flow wp-container-core-group-is-layout-d6743c7d wp-block-group-is-layout-flow">
<p class="has-text-align-right has-black-color has-text-color" style="font-size:clamp(67.975px, 4.248rem + ((1vw - 3.2px) * 8.336), 148px);font-style:normal;font-weight:700;letter-spacing:-4px;line-height:0.8;text-transform:uppercase">Kooperations<br>zuschuesse</p>



<p class="has-text-align-right has-white-color has-text-color" style="font-size:clamp(67.975px, 4.248rem + ((1vw - 3.2px) * 8.336), 148px);font-style:normal;font-weight:700;letter-spacing:-4px;line-height:0.8;text-transform:uppercase">fuer<br>Mutige<br>Bildungs<br>Projekte</p>
</div>
</div>
</div></div>

<p>Kooperationszuschüsse für innovative Unterrichtsprojekte im Rahmen von Talente regional 2022 Informationen zur Beantragung finden Sie unter: https://www.ffg.at/talente-regional/2022 Kontakt und Information für Kooperationszuschüsse im Rahmen von »StAct«: Dr. Reinhard Bauer reinhard.bauer@phwien.ac.at Mehr junge Menschen für eine Karriere in der österreichischen Forschungslandschaft zu begeistern ist das Ziel von Talente regional. Ein Kooperationszuschuss ist eine Pauschalförderung für Pädagog*innen [&hellip;]</p>
