{"id":38,"date":"2023-11-10T16:33:27","date_gmt":"2023-11-10T15:33:27","guid":{"rendered":"https:\/\/stact.at\/?page_id=38"},"modified":"2023-11-25T12:50:08","modified_gmt":"2023-11-25T11:50:08","slug":"ueber-stact","status":"publish","type":"page","link":"https:\/\/stact.at\/?page_id=38","title":{"rendered":"\u00dcber StAct"},"content":{"rendered":"\n<div class=\"wp-block-group alignfull has-accent-background-color has-background has-global-padding is-layout-constrained wp-container-core-group-is-layout-669513ed wp-block-group-is-layout-constrained\" style=\"margin-top:0;margin-bottom:0;padding-top:var(--wp--preset--spacing--50);padding-right:var(--wp--preset--spacing--50);padding-bottom:var(--wp--preset--spacing--50);padding-left:var(--wp--preset--spacing--50)\">\n<div class=\"wp-block-columns alignwide has-accent-background-color has-background is-layout-flex wp-container-core-columns-is-layout-1da03c2a wp-block-columns-is-layout-flex\">\n<div class=\"wp-block-column is-vertically-aligned-stretch is-layout-flow wp-block-column-is-layout-flow\" style=\"flex-basis:50%\">\n<div class=\"wp-block-group is-vertical is-content-justification-stretch is-layout-flex wp-container-core-group-is-layout-444d5ee8 wp-block-group-is-layout-flex\" style=\"min-height:100%\">\n<p class=\"has-heading-font-family has-medium-font-size\" style=\"line-height:1.3\">Das Projekt \u00bbStAct &#8211; Start and Act\u00ab nimmt seinen Ausgangspunkt in der urspr\u00fcnglichen Bedeutung des Wortes \u00bbentreprendre\u00ab, was so viel wie \u00bbetwas unternehmen\u00ab oder \u00bbin die eigenen H\u00e4nde nehmen\u00ab bedeutet. Es fokussiert auf soziales und inklusives Unternehmertum in der digitalen Welt. Kinder und Jugendliche werden bef\u00e4higt, ihre Vorstellungen und Ideen durch selbstgesteuerte, angewandte Forschungsprojekte auszudr\u00fccken und die Ergebnisse ihrer Arbeit an relevante Stakeholder*innen zu vermitteln. \u00bbStAct\u00ab baut auf einem vielfach erprobten Ansatz auf, der Sch\u00fcler*innen \u00fcber einen Forschungszyklus erm\u00f6glicht, Gestalter*innen ihrer Zukunft zu werden, indem von ihnen f\u00fcr sie relevante Themen identifiziert, Fragestellungen entwickelt und in generativen Forschungsprozessen bearbeitet werden.<\/p>\n\n\n\n<div class=\"wp-block-group has-global-padding is-content-justification-left is-layout-constrained wp-container-core-group-is-layout-9fe8ed88 wp-block-group-is-layout-constrained\">\n<p class=\"wp-container-content-0733e5d0\"><strong>Gro\u00dfe Neugier ist der beste Start.<\/strong><\/p>\n\n\n\n<div class=\"wp-block-buttons is-layout-flex wp-block-buttons-is-layout-flex\">\n<div class=\"wp-block-button\"><a class=\"wp-block-button__link wp-element-button\" href=\"https:\/\/stact.at\/?page_id=110\">Blog<\/a><\/div>\n<\/div>\n<\/div>\n<\/div>\n<\/div>\n\n\n\n<div class=\"wp-block-column is-vertically-aligned-center is-layout-flow wp-block-column-is-layout-flow\" style=\"flex-basis:50%\">\n<figure class=\"wp-block-image size-large is-resized is-style-rounded is-style-rounded--1\"><img fetchpriority=\"high\" decoding=\"async\" width=\"1024\" height=\"683\" src=\"https:\/\/stact.at\/wp-content\/uploads\/2023\/11\/DSC_0530-1024x683.jpg\" alt=\"\" class=\"wp-image-102\" style=\"width:548px;height:auto\" srcset=\"https:\/\/stact.at\/wp-content\/uploads\/2023\/11\/DSC_0530-1024x683.jpg 1024w, https:\/\/stact.at\/wp-content\/uploads\/2023\/11\/DSC_0530-300x200.jpg 300w, https:\/\/stact.at\/wp-content\/uploads\/2023\/11\/DSC_0530-768x512.jpg 768w, https:\/\/stact.at\/wp-content\/uploads\/2023\/11\/DSC_0530-1536x1024.jpg 1536w, https:\/\/stact.at\/wp-content\/uploads\/2023\/11\/DSC_0530-2048x1365.jpg 2048w\" sizes=\"(max-width: 1024px) 100vw, 1024px\" \/><\/figure>\n<\/div>\n<\/div>\n<\/div>\n\n\n\n<div class=\"wp-block-group alignfull has-base-background-color has-background has-global-padding is-layout-constrained wp-container-core-group-is-layout-d89aad35 wp-block-group-is-layout-constrained\" style=\"margin-top:0;margin-bottom:0;padding-top:var(--wp--preset--spacing--50);padding-right:var(--wp--preset--spacing--50);padding-bottom:var(--wp--preset--spacing--50);padding-left:var(--wp--preset--spacing--50)\">\n<div class=\"wp-block-columns alignwide is-layout-flex wp-container-core-columns-is-layout-549b0c86 wp-block-columns-is-layout-flex\">\n<div class=\"wp-block-column has-global-padding is-content-justification-left is-layout-constrained wp-container-core-column-is-layout-4f15e8fe wp-block-column-is-layout-constrained\" style=\"flex-basis:40%\">\n<p><strong>Erforsche und gestalte deine Zukunft in der digitalen Welt.<\/strong><\/p>\n<\/div>\n\n\n\n<div class=\"wp-block-column is-layout-flow wp-container-core-column-is-layout-119bc444 wp-block-column-is-layout-flow\" style=\"flex-basis:60%\">\n<p class=\"has-heading-font-family has-x-large-font-size\" style=\"line-height:1.2\">StAct gibt Kindern und Jugendlichen eine Stimme und verschafft ihnen Geh\u00f6r<\/p>\n\n\n\n<div class=\"wp-block-columns is-layout-flex wp-container-core-columns-is-layout-87beb0d0 wp-block-columns-is-layout-flex\">\n<div class=\"wp-block-column is-layout-flow wp-block-column-is-layout-flow\">\n<p>Berufe ver\u00e4ndern sich im Zeitalter der digitalen Transformation massiv, daher muss auch die berufliche Bildung dringend in Bewegung kommen. Sie muss neu gedacht werden und Arbeit in dessen<br>Sinngebung fu\u0308r eine nachhaltige Zukunft verstehen. Wir k\u00f6nnen es uns nicht mehr leisten, Kinder und Jugendliche aus<br>diesen Diskussionen auszuschlie\u00dfen, schlie\u00dflich ist es ihre Gegenwart und Zukunft um die es geht. Sie werden mit den Effekten der digitalen Transformation und den aktuellen und weiteren Auswirkungen des Klimawandels zu k\u00e4mpfen haben. Sie lassen sich aber ohnehin nicht mehr <\/p>\n<\/div>\n\n\n\n<div class=\"wp-block-column is-layout-flow wp-block-column-is-layout-flow\">\n<p>ausschlie\u00dfen, wenn beispielsweise nur an die Fridays-For-Future-Bewegung<br>gedacht wird. Was soziales und inklusives Unternehmertum in Verbindung mit der <a href=\"https:\/\/www.coe.int\/en\/web\/un-agenda-2030\">UN-Agenda 2030 for Sustainable Development<\/a> hier leisten kann und was das fu\u0308r die jungen Menschen bedeutet, das k\u00f6nnen aber nur sie selbst sagen. So geht es in StAct darum, die Stimmen von Kindern und Jugendlichen in Anwendung eines innovativen Bildungs- bzw. Forschungsmodells zu h\u00f6ren und deren Ideen, Vorschl\u00e4ge und Anliegen auf einer vielf\u00e4ltigen Ebene an Stakeholder*innen zu verbreiten.<\/p>\n<\/div>\n<\/div>\n<\/div>\n<\/div>\n<\/div>\n\n\n\n<div class=\"wp-block-group alignfull has-accent-5-background-color has-background has-global-padding is-layout-constrained wp-container-core-group-is-layout-d89aad35 wp-block-group-is-layout-constrained\" style=\"margin-top:0;margin-bottom:0;padding-top:var(--wp--preset--spacing--50);padding-right:var(--wp--preset--spacing--50);padding-bottom:var(--wp--preset--spacing--50);padding-left:var(--wp--preset--spacing--50)\">\n<div class=\"wp-block-columns alignwide is-layout-flex wp-container-core-columns-is-layout-1da03c2a wp-block-columns-is-layout-flex\">\n<div class=\"wp-block-column is-vertically-aligned-center is-layout-flow wp-block-column-is-layout-flow\" style=\"flex-basis:60%\">\n<figure class=\"wp-block-image size-large is-resized is-style-rounded is-style-rounded--2\"><img decoding=\"async\" width=\"1024\" height=\"576\" src=\"https:\/\/stact.at\/wp-content\/uploads\/2023\/11\/StAct-Bildungsmodell-1024x576.png\" alt=\"\" class=\"wp-image-105\" style=\"width:704px;height:auto\" srcset=\"https:\/\/stact.at\/wp-content\/uploads\/2023\/11\/StAct-Bildungsmodell-1024x576.png 1024w, https:\/\/stact.at\/wp-content\/uploads\/2023\/11\/StAct-Bildungsmodell-300x169.png 300w, https:\/\/stact.at\/wp-content\/uploads\/2023\/11\/StAct-Bildungsmodell-768x432.png 768w, https:\/\/stact.at\/wp-content\/uploads\/2023\/11\/StAct-Bildungsmodell-1536x864.png 1536w, https:\/\/stact.at\/wp-content\/uploads\/2023\/11\/StAct-Bildungsmodell-2048x1152.png 2048w\" sizes=\"(max-width: 1024px) 100vw, 1024px\" \/><figcaption class=\"wp-element-caption\">StAct-Bildungsmodell mit seinen Phasen der Forschungszyklen<\/figcaption><\/figure>\n<\/div>\n\n\n\n<div class=\"wp-block-column is-layout-flow wp-block-column-is-layout-flow\" style=\"flex-basis:40%\">\n<h2 class=\"wp-block-heading\">Das StAct-Bildungsmodell<\/h2>\n\n\n\n<p>Das in der Abbildung links grafisch dargestellte Bildungs- bzw. Forschungsmodell umfasst drei miteinander verbun-dene Phasen &#8211; <strong>Dialog<\/strong>-, <strong>Forschungs- und Pr\u00e4sentations-phase<\/strong> &#8211; und wird in fu\u0308nf Schulklassen (<a href=\"https:\/\/www.campus-seestadt.at\/\">VS Bildungscampus Aspern Seestadt<\/a>, <a href=\"https:\/\/hahngasse.schule.wien.at\/\">GTVS Hahngasse<\/a>, <a href=\"https:\/\/collegehernals.schule.wien.at\/\">MSi Hernals Geblergasse<\/a>, <a href=\"https:\/\/nms-quellenstrasse144.schule.wien.at\/\">MS Quellenstra\u00dfe<\/a>, <a href=\"https:\/\/www.spengergasse.at\/\">HTL Spengergasse<\/a>) in zwei aufeinanderfolgenden Zyklen durchgefu\u0308hrt. Gerahmt wird dieser Ansatz von zwei Veranstaltungen, die erste zu Projektbeginn (Kick-off), um die Schu\u0308ler*innen fu\u0308r ihre Forschungsarbeit zu inspirieren, die zweite zu Projektende, bei der die Schu\u0308ler*innen den P\u00e4dagog*innen, Eltern und der Bildungspolitik Inspiration zum Handeln geben.<\/p>\n\n\n\n<div class=\"wp-block-buttons is-layout-flex wp-block-buttons-is-layout-flex\">\n<div class=\"wp-block-button\"><a class=\"wp-block-button__link wp-element-button\" href=\"https:\/\/stact.at\/?page_id=52\">Team<\/a><\/div>\n<\/div>\n<\/div>\n<\/div>\n<\/div>\n\n\n","protected":false},"excerpt":{"rendered":"<p>Das Projekt \u00bbStAct &#8211; Start and Act\u00ab nimmt seinen Ausgangspunkt in der urspr\u00fcnglichen Bedeutung des Wortes \u00bbentreprendre\u00ab, was so viel wie \u00bbetwas unternehmen\u00ab oder \u00bbin die eigenen H\u00e4nde nehmen\u00ab bedeutet. Es fokussiert auf soziales und inklusives Unternehmertum in der digitalen Welt. Kinder und Jugendliche werden bef\u00e4higt, ihre Vorstellungen und Ideen durch selbstgesteuerte, angewandte Forschungsprojekte auszudr\u00fccken [&hellip;]<\/p>\n","protected":false},"author":2,"featured_media":0,"parent":0,"menu_order":0,"comment_status":"closed","ping_status":"closed","template":"","meta":{"footnotes":""},"class_list":["post-38","page","type-page","status-publish","hentry"],"_links":{"self":[{"href":"https:\/\/stact.at\/index.php?rest_route=\/wp\/v2\/pages\/38","targetHints":{"allow":["GET"]}}],"collection":[{"href":"https:\/\/stact.at\/index.php?rest_route=\/wp\/v2\/pages"}],"about":[{"href":"https:\/\/stact.at\/index.php?rest_route=\/wp\/v2\/types\/page"}],"author":[{"embeddable":true,"href":"https:\/\/stact.at\/index.php?rest_route=\/wp\/v2\/users\/2"}],"replies":[{"embeddable":true,"href":"https:\/\/stact.at\/index.php?rest_route=%2Fwp%2Fv2%2Fcomments&post=38"}],"version-history":[{"count":15,"href":"https:\/\/stact.at\/index.php?rest_route=\/wp\/v2\/pages\/38\/revisions"}],"predecessor-version":[{"id":216,"href":"https:\/\/stact.at\/index.php?rest_route=\/wp\/v2\/pages\/38\/revisions\/216"}],"wp:attachment":[{"href":"https:\/\/stact.at\/index.php?rest_route=%2Fwp%2Fv2%2Fmedia&parent=38"}],"curies":[{"name":"wp","href":"https:\/\/api.w.org\/{rel}","templated":true}]}}

Über StAct

<div class="wp-block-group alignfull has-accent-background-color has-background has-global-padding is-layout-constrained wp-container-core-group-is-layout-669513ed wp-block-group-is-layout-constrained" style="margin-top:0;margin-bottom:0;padding-top:var(--wp--preset--spacing--50);padding-right:var(--wp--preset--spacing--50);padding-bottom:var(--wp--preset--spacing--50);padding-left:var(--wp--preset--spacing--50)">
<div class="wp-block-columns alignwide has-accent-background-color has-background is-layout-flex wp-container-core-columns-is-layout-1da03c2a wp-block-columns-is-layout-flex">
<div class="wp-block-column is-vertically-aligned-stretch is-layout-flow wp-block-column-is-layout-flow" style="flex-basis:50%">
<div class="wp-block-group is-vertical is-content-justification-stretch is-layout-flex wp-container-core-group-is-layout-444d5ee8 wp-block-group-is-layout-flex" style="min-height:100%">
<p class="has-heading-font-family has-medium-font-size" style="line-height:1.3">Das Projekt »StAct &#8211; Start and Act« nimmt seinen Ausgangspunkt in der ursprünglichen Bedeutung des Wortes »entreprendre«, was so viel wie »etwas unternehmen« oder »in die eigenen Hände nehmen« bedeutet. Es fokussiert auf soziales und inklusives Unternehmertum in der digitalen Welt. Kinder und Jugendliche werden befähigt, ihre Vorstellungen und Ideen durch selbstgesteuerte, angewandte Forschungsprojekte auszudrücken und die Ergebnisse ihrer Arbeit an relevante Stakeholder*innen zu vermitteln. »StAct« baut auf einem vielfach erprobten Ansatz auf, der Schüler*innen über einen Forschungszyklus ermöglicht, Gestalter*innen ihrer Zukunft zu werden, indem von ihnen für sie relevante Themen identifiziert, Fragestellungen entwickelt und in generativen Forschungsprozessen bearbeitet werden.</p>



<div class="wp-block-group has-global-padding is-content-justification-left is-layout-constrained wp-container-core-group-is-layout-9fe8ed88 wp-block-group-is-layout-constrained">
<p class="wp-container-content-0733e5d0"><strong>Große Neugier ist der beste Start.</strong></p>



<div class="wp-block-buttons is-layout-flex wp-block-buttons-is-layout-flex">
<div class="wp-block-button"><a class="wp-block-button__link wp-element-button" href="https://stact.at/?page_id=110">Blog</a></div>
</div>
</div>
</div>
</div>



<div class="wp-block-column is-vertically-aligned-center is-layout-flow wp-block-column-is-layout-flow" style="flex-basis:50%">
<figure class="wp-block-image size-large is-resized is-style-rounded is-style-rounded--1"><img fetchpriority="high" decoding="async" width="1024" height="683" src="https://stact.at/wp-content/uploads/2023/11/DSC_0530-1024x683.jpg" alt="" class="wp-image-102" style="width:548px;height:auto" srcset="https://stact.at/wp-content/uploads/2023/11/DSC_0530-1024x683.jpg 1024w, https://stact.at/wp-content/uploads/2023/11/DSC_0530-300x200.jpg 300w, https://stact.at/wp-content/uploads/2023/11/DSC_0530-768x512.jpg 768w, https://stact.at/wp-content/uploads/2023/11/DSC_0530-1536x1024.jpg 1536w, https://stact.at/wp-content/uploads/2023/11/DSC_0530-2048x1365.jpg 2048w" sizes="(max-width: 1024px) 100vw, 1024px" /></figure>
</div>
</div>
</div>



<div class="wp-block-group alignfull has-base-background-color has-background has-global-padding is-layout-constrained wp-container-core-group-is-layout-d89aad35 wp-block-group-is-layout-constrained" style="margin-top:0;margin-bottom:0;padding-top:var(--wp--preset--spacing--50);padding-right:var(--wp--preset--spacing--50);padding-bottom:var(--wp--preset--spacing--50);padding-left:var(--wp--preset--spacing--50)">
<div class="wp-block-columns alignwide is-layout-flex wp-container-core-columns-is-layout-549b0c86 wp-block-columns-is-layout-flex">
<div class="wp-block-column has-global-padding is-content-justification-left is-layout-constrained wp-container-core-column-is-layout-4f15e8fe wp-block-column-is-layout-constrained" style="flex-basis:40%">
<p><strong>Erforsche und gestalte deine Zukunft in der digitalen Welt.</strong></p>
</div>



<div class="wp-block-column is-layout-flow wp-container-core-column-is-layout-119bc444 wp-block-column-is-layout-flow" style="flex-basis:60%">
<p class="has-heading-font-family has-x-large-font-size" style="line-height:1.2">StAct gibt Kindern und Jugendlichen eine Stimme und verschafft ihnen Gehör</p>



<div class="wp-block-columns is-layout-flex wp-container-core-columns-is-layout-87beb0d0 wp-block-columns-is-layout-flex">
<div class="wp-block-column is-layout-flow wp-block-column-is-layout-flow">
<p>Berufe verändern sich im Zeitalter der digitalen Transformation massiv, daher muss auch die berufliche Bildung dringend in Bewegung kommen. Sie muss neu gedacht werden und Arbeit in dessen<br>Sinngebung für eine nachhaltige Zukunft verstehen. Wir können es uns nicht mehr leisten, Kinder und Jugendliche aus<br>diesen Diskussionen auszuschließen, schließlich ist es ihre Gegenwart und Zukunft um die es geht. Sie werden mit den Effekten der digitalen Transformation und den aktuellen und weiteren Auswirkungen des Klimawandels zu kämpfen haben. Sie lassen sich aber ohnehin nicht mehr </p>
</div>



<div class="wp-block-column is-layout-flow wp-block-column-is-layout-flow">
<p>ausschließen, wenn beispielsweise nur an die Fridays-For-Future-Bewegung<br>gedacht wird. Was soziales und inklusives Unternehmertum in Verbindung mit der <a href="https://www.coe.int/en/web/un-agenda-2030">UN-Agenda 2030 for Sustainable Development</a> hier leisten kann und was das für die jungen Menschen bedeutet, das können aber nur sie selbst sagen. So geht es in StAct darum, die Stimmen von Kindern und Jugendlichen in Anwendung eines innovativen Bildungs- bzw. Forschungsmodells zu hören und deren Ideen, Vorschläge und Anliegen auf einer vielfältigen Ebene an Stakeholder*innen zu verbreiten.</p>
</div>
</div>
</div>
</div>
</div>



<div class="wp-block-group alignfull has-accent-5-background-color has-background has-global-padding is-layout-constrained wp-container-core-group-is-layout-d89aad35 wp-block-group-is-layout-constrained" style="margin-top:0;margin-bottom:0;padding-top:var(--wp--preset--spacing--50);padding-right:var(--wp--preset--spacing--50);padding-bottom:var(--wp--preset--spacing--50);padding-left:var(--wp--preset--spacing--50)">
<div class="wp-block-columns alignwide is-layout-flex wp-container-core-columns-is-layout-1da03c2a wp-block-columns-is-layout-flex">
<div class="wp-block-column is-vertically-aligned-center is-layout-flow wp-block-column-is-layout-flow" style="flex-basis:60%">
<figure class="wp-block-image size-large is-resized is-style-rounded is-style-rounded--2"><img decoding="async" width="1024" height="576" src="https://stact.at/wp-content/uploads/2023/11/StAct-Bildungsmodell-1024x576.png" alt="" class="wp-image-105" style="width:704px;height:auto" srcset="https://stact.at/wp-content/uploads/2023/11/StAct-Bildungsmodell-1024x576.png 1024w, https://stact.at/wp-content/uploads/2023/11/StAct-Bildungsmodell-300x169.png 300w, https://stact.at/wp-content/uploads/2023/11/StAct-Bildungsmodell-768x432.png 768w, https://stact.at/wp-content/uploads/2023/11/StAct-Bildungsmodell-1536x864.png 1536w, https://stact.at/wp-content/uploads/2023/11/StAct-Bildungsmodell-2048x1152.png 2048w" sizes="(max-width: 1024px) 100vw, 1024px" /><figcaption class="wp-element-caption">StAct-Bildungsmodell mit seinen Phasen der Forschungszyklen</figcaption></figure>
</div>



<div class="wp-block-column is-layout-flow wp-block-column-is-layout-flow" style="flex-basis:40%">
<h2 class="wp-block-heading">Das StAct-Bildungsmodell</h2>



<p>Das in der Abbildung links grafisch dargestellte Bildungs- bzw. Forschungsmodell umfasst drei miteinander verbun-dene Phasen &#8211; <strong>Dialog</strong>-, <strong>Forschungs- und Präsentations-phase</strong> &#8211; und wird in fünf Schulklassen (<a href="https://www.campus-seestadt.at/">VS Bildungscampus Aspern Seestadt</a>, <a href="https://hahngasse.schule.wien.at/">GTVS Hahngasse</a>, <a href="https://collegehernals.schule.wien.at/">MSi Hernals Geblergasse</a>, <a href="https://nms-quellenstrasse144.schule.wien.at/">MS Quellenstraße</a>, <a href="https://www.spengergasse.at/">HTL Spengergasse</a>) in zwei aufeinanderfolgenden Zyklen durchgeführt. Gerahmt wird dieser Ansatz von zwei Veranstaltungen, die erste zu Projektbeginn (Kick-off), um die Schüler*innen für ihre Forschungsarbeit zu inspirieren, die zweite zu Projektende, bei der die Schüler*innen den Pädagog*innen, Eltern und der Bildungspolitik Inspiration zum Handeln geben.</p>



<div class="wp-block-buttons is-layout-flex wp-block-buttons-is-layout-flex">
<div class="wp-block-button"><a class="wp-block-button__link wp-element-button" href="https://stact.at/?page_id=52">Team</a></div>
</div>
</div>
</div>
</div>

<p>Das Projekt »StAct &#8211; Start and Act« nimmt seinen Ausgangspunkt in der ursprünglichen Bedeutung des Wortes »entreprendre«, was so viel wie »etwas unternehmen« oder »in die eigenen Hände nehmen« bedeutet. Es fokussiert auf soziales und inklusives Unternehmertum in der digitalen Welt. Kinder und Jugendliche werden befähigt, ihre Vorstellungen und Ideen durch selbstgesteuerte, angewandte Forschungsprojekte auszudrücken [&hellip;]</p>
