{"id":473,"date":"2025-02-05T14:47:07","date_gmt":"2025-02-05T13:47:07","guid":{"rendered":"https:\/\/stact.at\/?page_id=473"},"modified":"2025-05-05T12:24:15","modified_gmt":"2025-05-05T10:24:15","slug":"gtvs-hahngasse","status":"publish","type":"page","link":"https:\/\/stact.at\/?page_id=473","title":{"rendered":"GTVS Hahngasse"},"content":{"rendered":"\n<div class=\"wp-block-group alignfull has-accent-background-color has-background has-global-padding is-layout-constrained wp-container-core-group-is-layout-669513ed wp-block-group-is-layout-constrained\" style=\"margin-top:0;margin-bottom:0;padding-top:var(--wp--preset--spacing--50);padding-right:var(--wp--preset--spacing--50);padding-bottom:var(--wp--preset--spacing--50);padding-left:var(--wp--preset--spacing--50)\">\n<div class=\"wp-block-columns alignwide is-layout-flex wp-container-core-columns-is-layout-1da03c2a wp-block-columns-is-layout-flex\">\n<div class=\"wp-block-column is-vertically-aligned-stretch is-layout-flow wp-block-column-is-layout-flow\" style=\"flex-basis:50%\">\n<div class=\"wp-block-group is-vertical is-content-justification-stretch is-layout-flex wp-container-core-group-is-layout-444d5ee8 wp-block-group-is-layout-flex\" style=\"min-height:100%\">\n<p class=\"has-heading-font-family has-large-font-size\" style=\"line-height:1.2\">Das Schulkompetenzzentrum Hahngasse besteht aus einer&nbsp;<strong>ganzt\u00e4gigen Volksschule<\/strong>&nbsp;und einer&nbsp;<strong>Schule f\u00fcr inklusive Betreuung<\/strong>. Wir befinden uns im Aufbau der GTVS an diesem neuen Standort. Derzeit haben wir eine Klassen auf der ersten Schulstufe, zwei auf der zweiten, zwei auf der dritten und eine Klasse auf der vierten Schulstufe.<br>Neben der GTVS gibt es an unserem Standort auch drei F\u00f6rderklassen f\u00fcr Kinder mit sozialer und emotionaler Benachteiligung &#8211; daher ist das soziale Lernen einer unserer Schwerpunkte.<\/p>\n\n\n\n<div class=\"wp-block-group has-global-padding is-content-justification-left is-layout-constrained wp-container-core-group-is-layout-9fe8ed88 wp-block-group-is-layout-constrained\">\n<p class=\"wp-container-content-0733e5d0\">Schulkompetenzzentrum f\u00fcr Pr\u00e4vention, Inklusion und Rehabilitation &#8211; Volksschule im Alsergrund<\/p>\n\n\n\n<div class=\"wp-block-buttons is-layout-flex wp-block-buttons-is-layout-flex\">\n<div class=\"wp-block-button\"><a class=\"wp-block-button__link wp-element-button\" href=\"https:\/\/hahngasse.schule.wien.at\/\">\u00dcber uns<\/a><\/div>\n<\/div>\n<\/div>\n<\/div>\n<\/div>\n\n\n\n<div class=\"wp-block-column is-vertically-aligned-center is-layout-flow wp-block-column-is-layout-flow\" style=\"flex-basis:50%\">\n<figure class=\"wp-block-image size-full is-style-rounded is-style-rounded--1\"><img fetchpriority=\"high\" decoding=\"async\" width=\"4608\" height=\"2592\" src=\"https:\/\/stact.at\/wp-content\/uploads\/2025\/02\/20240221_122418-1.jpg\" alt=\"\" class=\"wp-image-496\" style=\"aspect-ratio:3\/4;object-fit:cover\"\/><\/figure>\n<\/div>\n<\/div>\n<\/div>\n\n\n\n<div class=\"wp-block-group alignfull has-base-background-color has-background has-global-padding is-layout-constrained wp-container-core-group-is-layout-d89aad35 wp-block-group-is-layout-constrained\" style=\"margin-top:0;margin-bottom:0;padding-top:var(--wp--preset--spacing--50);padding-right:var(--wp--preset--spacing--50);padding-bottom:var(--wp--preset--spacing--50);padding-left:var(--wp--preset--spacing--50)\">\n<div class=\"wp-block-columns alignwide is-layout-flex wp-container-core-columns-is-layout-549b0c86 wp-block-columns-is-layout-flex\">\n<div class=\"wp-block-column has-global-padding is-content-justification-left is-layout-constrained wp-container-core-column-is-layout-4f15e8fe wp-block-column-is-layout-constrained\" style=\"flex-basis:40%\">\n<p class=\"has-heading-font-family\" style=\"font-size:clamp(0.929rem, 0.929rem + ((1vw - 0.2rem) * 0.785), 1.4rem);\">Forschungszyklus #01<\/p>\n\n\n\n<p class=\"has-heading-font-family has-large-font-size\"><strong>Kids-Kochbuch<\/strong><br>   <br><\/p>\n\n\n\n<figure class=\"wp-block-image size-full\"><img decoding=\"async\" width=\"2209\" height=\"3508\" src=\"https:\/\/stact.at\/wp-content\/uploads\/2025\/05\/kochbuch-cover.jpg\" alt=\"Cover Kids-Kochbuch\" class=\"wp-image-605\"\/><\/figure>\n\n\n\n<p class=\"has-heading-font-family has-large-font-size\">   <br>  <br>  <\/p>\n\n\n\n<figure class=\"wp-block-image size-full\"><a href=\"https:\/\/issuu.com\/stact\/docs\/kochbuch-walklasse_qr\" target=\"_blank\" rel=\" noreferrer noopener\"><img decoding=\"async\" width=\"1292\" height=\"831\" src=\"https:\/\/stact.at\/wp-content\/uploads\/2025\/05\/kids-kochbuch_digital_qr.jpg\" alt=\"_kids-kochbuch_digital_qr-code\" class=\"wp-image-621\"\/><\/a><\/figure>\n<\/div>\n\n\n\n<div class=\"wp-block-column is-layout-flow wp-container-core-column-is-layout-119bc444 wp-block-column-is-layout-flow\" style=\"flex-basis:60%\">\n<p class=\"has-heading-font-family has-large-font-size\" style=\"line-height:1.2\">Teamarbeit und gemeinsam entscheiden hat uns gefordert und n\u00e4her zusammengebracht.<\/p>\n\n\n\n<div class=\"wp-block-columns is-layout-flex wp-container-core-columns-is-layout-87beb0d0 wp-block-columns-is-layout-flex\">\n<div class=\"wp-block-column is-layout-flow wp-block-column-is-layout-flow\">\n<p>Weil wir alle gerne kochen und uns Sport Freude macht, haben wir zu Beginn unseres ersten Projekts unsere Lieblingsessen und Sportarten aufgemalt und uns dann dazu Fragen gestellt und gefilmt.<br><br>Nach vielen einzelnen Ideen und hin und her kamen wir dann auf die gemeinsame Idee, alles was wir herausfinden werden, in ein Kochbuch zu schreiben. Das sollte dann richtig gedruckt werden. Aber wir hatten beobachtet, dass daheim auch am Handy oder Tablet nach Rezepten gesucht wird. Also wollten wir unbedingt, dass unser Kochbuch dann auch im Internet ist. \u00dcber einen QR-Code soll es zu finden sein. <br>Aber wo fangen wir an? Was soll alles rein? Und wie wird dann ein richtiges Buch daraus?<br><br>Das Happy End des ersten Projektjahres:<br>Unsere harte Arbeit lohnte sich sehr. Es kam ein tolles Kochbuch heraus, das mit magischen Rezepten bef\u00fcllt ist.<br>Das Ergebnis war so toll, weil jeder von uns selber mitgeschrieben hat \ud83d\ude42<br>  <br>  <br>  <br><br><strong>Unser Kids-Kochbuch gibts hier als PDF-Download<\/strong>: <br>(Alle Rechte liegen bei den Autor*innen)<br><a href=\"https:\/\/stact.at\/wp-content\/uploads\/2024\/06\/Kochbuch-Walklasse_202406.pdf\" target=\"_blank\" rel=\"noreferrer noopener\">https:\/\/stact.at\/wp-content\/uploads\/2024\/06\/Kochbuch-Walklasse_202406.pdf<\/a><\/p>\n<\/div>\n<\/div>\n<\/div>\n<\/div>\n<\/div>\n\n\n\n<div class=\"wp-block-group alignfull has-accent-4-background-color has-background has-global-padding is-layout-constrained wp-container-core-group-is-layout-d89aad35 wp-block-group-is-layout-constrained\" style=\"margin-top:0;margin-bottom:0;padding-top:var(--wp--preset--spacing--50);padding-right:var(--wp--preset--spacing--50);padding-bottom:var(--wp--preset--spacing--50);padding-left:var(--wp--preset--spacing--50)\">\n<div class=\"wp-block-columns alignwide is-layout-flex wp-container-core-columns-is-layout-549b0c86 wp-block-columns-is-layout-flex\">\n<div class=\"wp-block-column has-global-padding is-content-justification-left is-layout-constrained wp-container-core-column-is-layout-4f15e8fe wp-block-column-is-layout-constrained\" style=\"flex-basis:40%\">\n<p class=\"has-heading-font-family\" style=\"font-size:clamp(0.929rem, 0.929rem + ((1vw - 0.2rem) * 0.785), 1.4rem);\">Forschungszyklus #02<\/p>\n\n\n\n<p class=\"has-heading-font-family has-large-font-size\"><strong>B\u00fchne frei<\/strong><\/p>\n\n\n\n<p class=\"has-heading-font-family has-large-font-size\">     <br>   <\/p>\n\n\n\n<figure class=\"wp-block-image size-full\"><img loading=\"lazy\" decoding=\"async\" width=\"954\" height=\"935\" src=\"https:\/\/stact.at\/wp-content\/uploads\/2025\/05\/vier_stehend_rund.png\" alt=\"_vier_konder_stehend_rund\" class=\"wp-image-607\"\/><\/figure>\n\n\n\n<figure class=\"wp-block-image size-full\"><img loading=\"lazy\" decoding=\"async\" width=\"1068\" height=\"974\" src=\"https:\/\/stact.at\/wp-content\/uploads\/2025\/05\/zwei_im_diskurs_rund.png\" alt=\"_zwei_kinder_im_diskurs_rund\" class=\"wp-image-608\"\/><\/figure>\n<\/div>\n\n\n\n<div class=\"wp-block-column is-layout-flow wp-container-core-column-is-layout-119bc444 wp-block-column-is-layout-flow\" style=\"flex-basis:60%\">\n<p class=\"has-heading-font-family has-large-font-size\" style=\"line-height:1.2\">Theaterst\u00fcck zur Frage:<br>Was kann ich f\u00fcr die Umwelt tun?<\/p>\n\n\n\n<div class=\"wp-block-columns is-layout-flex wp-container-core-columns-is-layout-87beb0d0 wp-block-columns-is-layout-flex\">\n<div class=\"wp-block-column is-layout-flow wp-block-column-is-layout-flow\">\n<p>Im zweiten Jahr haben wir dann schon gewusst, wie das ist, wenn wir selber entscheiden k\u00f6nnen, was wir gemeinsam tun wollen. Trotzdem war es nicht einfach uns auf ein Projekt zu einigen.<br><br>Auch wenn bald klar war, dass unsere Aufgabe f\u00fcr das Klima gut sein soll, sind die W\u00fcnsche sehr verschieden gewesen.<br>Schlie\u00dflich waren alle damit einverstanden, dass wir zur Frage \u201cWas kann ich f\u00fcr\u00b4s Klima tun?\u201d ein Theaterst\u00fcck erfinden und auff\u00fchren wollen.<\/p>\n\n\n\n<p><\/p>\n\n\n\n<p>  <br>  <\/p>\n\n\n\n<p>Wichtig war uns, dass Zauberer vorkommen und auch Tipps zum Umweltschutz. Wir haben beschlossen, dass wir das B\u00fchnenbild aus Recycling-Material selber basteln und auch gebrauchte Kost\u00fcme wiederverwenden.<br><\/p>\n\n\n\n<p>  <br>  <\/p>\n\n\n\n<p>Unsere Belohnung f\u00fcr das Jahr 2:<br>Ein sch\u00f6nes, lebendiges Theaterst\u00fcck.<br>Und wir haben uns noch besser kennen gelernt.<\/p>\n<\/div>\n<\/div>\n\n\n\n<p>  <br>  <br><br><\/p>\n<\/div>\n<\/div>\n\n\n\n<figure class=\"wp-block-image size-full is-style-rounded is-style-rounded--2\"><img loading=\"lazy\" decoding=\"async\" width=\"3509\" height=\"2481\" src=\"https:\/\/stact.at\/wp-content\/uploads\/2025\/05\/wal-klasse_gesamt.jpg\" alt=\"_wal-klasse_hahngasse_gesamt\" class=\"wp-image-609\"\/><\/figure>\n<\/div>\n\n\n\n<p><\/p>\n","protected":false},"excerpt":{"rendered":"<p>Das Schulkompetenzzentrum Hahngasse besteht aus einer&nbsp;ganzt\u00e4gigen Volksschule&nbsp;und einer&nbsp;Schule f\u00fcr inklusive Betreuung. Wir befinden uns im Aufbau der GTVS an diesem neuen Standort. Derzeit haben wir eine Klassen auf der ersten Schulstufe, zwei auf der zweiten, zwei auf der dritten und eine Klasse auf der vierten Schulstufe.Neben der GTVS gibt es an unserem Standort auch drei [&hellip;]<\/p>\n","protected":false},"author":2,"featured_media":0,"parent":0,"menu_order":0,"comment_status":"closed","ping_status":"closed","template":"","meta":{"footnotes":""},"class_list":["post-473","page","type-page","status-publish","hentry"],"_links":{"self":[{"href":"https:\/\/stact.at\/index.php?rest_route=\/wp\/v2\/pages\/473","targetHints":{"allow":["GET"]}}],"collection":[{"href":"https:\/\/stact.at\/index.php?rest_route=\/wp\/v2\/pages"}],"about":[{"href":"https:\/\/stact.at\/index.php?rest_route=\/wp\/v2\/types\/page"}],"author":[{"embeddable":true,"href":"https:\/\/stact.at\/index.php?rest_route=\/wp\/v2\/users\/2"}],"replies":[{"embeddable":true,"href":"https:\/\/stact.at\/index.php?rest_route=%2Fwp%2Fv2%2Fcomments&post=473"}],"version-history":[{"count":24,"href":"https:\/\/stact.at\/index.php?rest_route=\/wp\/v2\/pages\/473\/revisions"}],"predecessor-version":[{"id":632,"href":"https:\/\/stact.at\/index.php?rest_route=\/wp\/v2\/pages\/473\/revisions\/632"}],"wp:attachment":[{"href":"https:\/\/stact.at\/index.php?rest_route=%2Fwp%2Fv2%2Fmedia&parent=473"}],"curies":[{"name":"wp","href":"https:\/\/api.w.org\/{rel}","templated":true}]}}

<div class="wp-block-group alignfull has-accent-background-color has-background has-global-padding is-layout-constrained wp-container-core-group-is-layout-669513ed wp-block-group-is-layout-constrained" style="margin-top:0;margin-bottom:0;padding-top:var(--wp--preset--spacing--50);padding-right:var(--wp--preset--spacing--50);padding-bottom:var(--wp--preset--spacing--50);padding-left:var(--wp--preset--spacing--50)">
<div class="wp-block-columns alignwide is-layout-flex wp-container-core-columns-is-layout-1da03c2a wp-block-columns-is-layout-flex">
<div class="wp-block-column is-vertically-aligned-stretch is-layout-flow wp-block-column-is-layout-flow" style="flex-basis:50%">
<div class="wp-block-group is-vertical is-content-justification-stretch is-layout-flex wp-container-core-group-is-layout-444d5ee8 wp-block-group-is-layout-flex" style="min-height:100%">
<p class="has-heading-font-family has-large-font-size" style="line-height:1.2">Das Schulkompetenzzentrum Hahngasse besteht aus einer&nbsp;<strong>ganztägigen Volksschule</strong>&nbsp;und einer&nbsp;<strong>Schule für inklusive Betreuung</strong>. Wir befinden uns im Aufbau der GTVS an diesem neuen Standort. Derzeit haben wir eine Klassen auf der ersten Schulstufe, zwei auf der zweiten, zwei auf der dritten und eine Klasse auf der vierten Schulstufe.<br>Neben der GTVS gibt es an unserem Standort auch drei Förderklassen für Kinder mit sozialer und emotionaler Benachteiligung &#8211; daher ist das soziale Lernen einer unserer Schwerpunkte.</p>



<div class="wp-block-group has-global-padding is-content-justification-left is-layout-constrained wp-container-core-group-is-layout-9fe8ed88 wp-block-group-is-layout-constrained">
<p class="wp-container-content-0733e5d0">Schulkompetenzzentrum für Prävention, Inklusion und Rehabilitation &#8211; Volksschule im Alsergrund</p>



<div class="wp-block-buttons is-layout-flex wp-block-buttons-is-layout-flex">
<div class="wp-block-button"><a class="wp-block-button__link wp-element-button" href="https://hahngasse.schule.wien.at/">Über uns</a></div>
</div>
</div>
</div>
</div>



<div class="wp-block-column is-vertically-aligned-center is-layout-flow wp-block-column-is-layout-flow" style="flex-basis:50%">
<figure class="wp-block-image size-full is-style-rounded is-style-rounded--1"><img fetchpriority="high" decoding="async" width="4608" height="2592" src="https://stact.at/wp-content/uploads/2025/02/20240221_122418-1.jpg" alt="" class="wp-image-496" style="aspect-ratio:3/4;object-fit:cover"/></figure>
</div>
</div>
</div>



<div class="wp-block-group alignfull has-base-background-color has-background has-global-padding is-layout-constrained wp-container-core-group-is-layout-d89aad35 wp-block-group-is-layout-constrained" style="margin-top:0;margin-bottom:0;padding-top:var(--wp--preset--spacing--50);padding-right:var(--wp--preset--spacing--50);padding-bottom:var(--wp--preset--spacing--50);padding-left:var(--wp--preset--spacing--50)">
<div class="wp-block-columns alignwide is-layout-flex wp-container-core-columns-is-layout-549b0c86 wp-block-columns-is-layout-flex">
<div class="wp-block-column has-global-padding is-content-justification-left is-layout-constrained wp-container-core-column-is-layout-4f15e8fe wp-block-column-is-layout-constrained" style="flex-basis:40%">
<p class="has-heading-font-family" style="font-size:clamp(0.929rem, 0.929rem + ((1vw - 0.2rem) * 0.785), 1.4rem);">Forschungszyklus #01</p>



<p class="has-heading-font-family has-large-font-size"><strong>Kids-Kochbuch</strong><br>   <br></p>



<figure class="wp-block-image size-full"><img decoding="async" width="2209" height="3508" src="https://stact.at/wp-content/uploads/2025/05/kochbuch-cover.jpg" alt="Cover Kids-Kochbuch" class="wp-image-605"/></figure>



<p class="has-heading-font-family has-large-font-size">   <br>  <br>  </p>



<figure class="wp-block-image size-full"><a href="https://issuu.com/stact/docs/kochbuch-walklasse_qr" target="_blank" rel=" noreferrer noopener"><img decoding="async" width="1292" height="831" src="https://stact.at/wp-content/uploads/2025/05/kids-kochbuch_digital_qr.jpg" alt="_kids-kochbuch_digital_qr-code" class="wp-image-621"/></a></figure>
</div>



<div class="wp-block-column is-layout-flow wp-container-core-column-is-layout-119bc444 wp-block-column-is-layout-flow" style="flex-basis:60%">
<p class="has-heading-font-family has-large-font-size" style="line-height:1.2">Teamarbeit und gemeinsam entscheiden hat uns gefordert und näher zusammengebracht.</p>



<div class="wp-block-columns is-layout-flex wp-container-core-columns-is-layout-87beb0d0 wp-block-columns-is-layout-flex">
<div class="wp-block-column is-layout-flow wp-block-column-is-layout-flow">
<p>Weil wir alle gerne kochen und uns Sport Freude macht, haben wir zu Beginn unseres ersten Projekts unsere Lieblingsessen und Sportarten aufgemalt und uns dann dazu Fragen gestellt und gefilmt.<br><br>Nach vielen einzelnen Ideen und hin und her kamen wir dann auf die gemeinsame Idee, alles was wir herausfinden werden, in ein Kochbuch zu schreiben. Das sollte dann richtig gedruckt werden. Aber wir hatten beobachtet, dass daheim auch am Handy oder Tablet nach Rezepten gesucht wird. Also wollten wir unbedingt, dass unser Kochbuch dann auch im Internet ist. Über einen QR-Code soll es zu finden sein. <br>Aber wo fangen wir an? Was soll alles rein? Und wie wird dann ein richtiges Buch daraus?<br><br>Das Happy End des ersten Projektjahres:<br>Unsere harte Arbeit lohnte sich sehr. Es kam ein tolles Kochbuch heraus, das mit magischen Rezepten befüllt ist.<br>Das Ergebnis war so toll, weil jeder von uns selber mitgeschrieben hat 🙂<br>  <br>  <br>  <br><br><strong>Unser Kids-Kochbuch gibts hier als PDF-Download</strong>: <br>(Alle Rechte liegen bei den Autor*innen)<br><a href="https://stact.at/wp-content/uploads/2024/06/Kochbuch-Walklasse_202406.pdf" target="_blank" rel="noreferrer noopener">https://stact.at/wp-content/uploads/2024/06/Kochbuch-Walklasse_202406.pdf</a></p>
</div>
</div>
</div>
</div>
</div>



<div class="wp-block-group alignfull has-accent-4-background-color has-background has-global-padding is-layout-constrained wp-container-core-group-is-layout-d89aad35 wp-block-group-is-layout-constrained" style="margin-top:0;margin-bottom:0;padding-top:var(--wp--preset--spacing--50);padding-right:var(--wp--preset--spacing--50);padding-bottom:var(--wp--preset--spacing--50);padding-left:var(--wp--preset--spacing--50)">
<div class="wp-block-columns alignwide is-layout-flex wp-container-core-columns-is-layout-549b0c86 wp-block-columns-is-layout-flex">
<div class="wp-block-column has-global-padding is-content-justification-left is-layout-constrained wp-container-core-column-is-layout-4f15e8fe wp-block-column-is-layout-constrained" style="flex-basis:40%">
<p class="has-heading-font-family" style="font-size:clamp(0.929rem, 0.929rem + ((1vw - 0.2rem) * 0.785), 1.4rem);">Forschungszyklus #02</p>



<p class="has-heading-font-family has-large-font-size"><strong>Bühne frei</strong></p>



<p class="has-heading-font-family has-large-font-size">     <br>   </p>



<figure class="wp-block-image size-full"><img loading="lazy" decoding="async" width="954" height="935" src="https://stact.at/wp-content/uploads/2025/05/vier_stehend_rund.png" alt="_vier_konder_stehend_rund" class="wp-image-607"/></figure>



<figure class="wp-block-image size-full"><img loading="lazy" decoding="async" width="1068" height="974" src="https://stact.at/wp-content/uploads/2025/05/zwei_im_diskurs_rund.png" alt="_zwei_kinder_im_diskurs_rund" class="wp-image-608"/></figure>
</div>



<div class="wp-block-column is-layout-flow wp-container-core-column-is-layout-119bc444 wp-block-column-is-layout-flow" style="flex-basis:60%">
<p class="has-heading-font-family has-large-font-size" style="line-height:1.2">Theaterstück zur Frage:<br>Was kann ich für die Umwelt tun?</p>



<div class="wp-block-columns is-layout-flex wp-container-core-columns-is-layout-87beb0d0 wp-block-columns-is-layout-flex">
<div class="wp-block-column is-layout-flow wp-block-column-is-layout-flow">
<p>Im zweiten Jahr haben wir dann schon gewusst, wie das ist, wenn wir selber entscheiden können, was wir gemeinsam tun wollen. Trotzdem war es nicht einfach uns auf ein Projekt zu einigen.<br><br>Auch wenn bald klar war, dass unsere Aufgabe für das Klima gut sein soll, sind die Wünsche sehr verschieden gewesen.<br>Schließlich waren alle damit einverstanden, dass wir zur Frage “Was kann ich für´s Klima tun?” ein Theaterstück erfinden und aufführen wollen.</p>



<p></p>



<p>  <br>  </p>



<p>Wichtig war uns, dass Zauberer vorkommen und auch Tipps zum Umweltschutz. Wir haben beschlossen, dass wir das Bühnenbild aus Recycling-Material selber basteln und auch gebrauchte Kostüme wiederverwenden.<br></p>



<p>  <br>  </p>



<p>Unsere Belohnung für das Jahr 2:<br>Ein schönes, lebendiges Theaterstück.<br>Und wir haben uns noch besser kennen gelernt.</p>
</div>
</div>



<p>  <br>  <br><br></p>
</div>
</div>



<figure class="wp-block-image size-full is-style-rounded is-style-rounded--2"><img loading="lazy" decoding="async" width="3509" height="2481" src="https://stact.at/wp-content/uploads/2025/05/wal-klasse_gesamt.jpg" alt="_wal-klasse_hahngasse_gesamt" class="wp-image-609"/></figure>
</div>



<p></p>

<p>Das Schulkompetenzzentrum Hahngasse besteht aus einer&nbsp;ganztägigen Volksschule&nbsp;und einer&nbsp;Schule für inklusive Betreuung. Wir befinden uns im Aufbau der GTVS an diesem neuen Standort. Derzeit haben wir eine Klassen auf der ersten Schulstufe, zwei auf der zweiten, zwei auf der dritten und eine Klasse auf der vierten Schulstufe.Neben der GTVS gibt es an unserem Standort auch drei [&hellip;]</p>
