{"id":480,"date":"2025-02-05T14:48:25","date_gmt":"2025-02-05T13:48:25","guid":{"rendered":"https:\/\/stact.at\/?page_id=480"},"modified":"2025-05-21T14:47:27","modified_gmt":"2025-05-21T12:47:27","slug":"ms-quellenstrasse","status":"publish","type":"page","link":"https:\/\/stact.at\/?page_id=480","title":{"rendered":"MS Quellenstra\u00dfe"},"content":{"rendered":"\n<div class=\"wp-block-group alignfull has-accent-background-color has-background has-global-padding is-layout-constrained wp-container-core-group-is-layout-669513ed wp-block-group-is-layout-constrained\" style=\"margin-top:0;margin-bottom:0;padding-top:var(--wp--preset--spacing--50);padding-right:var(--wp--preset--spacing--50);padding-bottom:var(--wp--preset--spacing--50);padding-left:var(--wp--preset--spacing--50)\">\n<div class=\"wp-block-columns alignwide is-layout-flex wp-container-core-columns-is-layout-1da03c2a wp-block-columns-is-layout-flex\">\n<div class=\"wp-block-column is-vertically-aligned-stretch is-layout-flow wp-block-column-is-layout-flow\" style=\"flex-basis:50%\">\n<div class=\"wp-block-group is-vertical is-content-justification-stretch is-layout-flex wp-container-core-group-is-layout-444d5ee8 wp-block-group-is-layout-flex\" style=\"min-height:100%\">\n<p class=\"has-heading-font-family has-large-font-size\" style=\"line-height:1.2\">Unsere Schule versteht sich als Bildungseinrichtung f\u00fcr Kinder mit unterschiedlichsten Talenten, Lebenswelten und pers\u00f6nlichen Bed\u00fcrfnissen. Diese individuellen Merkmale und die F\u00f6rderung jedes einzelnen Kindes stehen im Mittelpunkt unseres p\u00e4dagogischen Handelns. Besonders wichtig sind uns: <em>wertsch\u00e4tzender Umgang<\/em>, <em>Gewaltfreiheit<\/em>, <em>Sozial- und Lebenskompetenzen<\/em>, <em>F\u00f6rderung der kulturellen Kompetenzen<\/em>, <em>Vermittlung vom sorgsamen und nachhaltigen Umgang mit unserer Umwelt<\/em> sowie die <em>Zusammenarbeit mit au\u00dferschulischen Institutionen<\/em>.<\/p>\n\n\n\n<div class=\"wp-block-group has-global-padding is-content-justification-left is-layout-constrained wp-container-core-group-is-layout-9fe8ed88 wp-block-group-is-layout-constrained\">\n<p class=\"wp-container-content-0733e5d0\">MS Quellenstra\u00dfe 144<\/p>\n\n\n\n<div class=\"wp-block-buttons is-layout-flex wp-block-buttons-is-layout-flex\">\n<div class=\"wp-block-button\"><a class=\"wp-block-button__link wp-element-button\">\u00dcber uns<\/a><\/div>\n<\/div>\n<\/div>\n<\/div>\n<\/div>\n\n\n\n<div class=\"wp-block-column is-vertically-aligned-center is-layout-flow wp-block-column-is-layout-flow\" style=\"flex-basis:50%\">\n<figure class=\"wp-block-image size-full is-style-rounded is-style-rounded--1\"><img fetchpriority=\"high\" decoding=\"async\" width=\"4000\" height=\"3000\" src=\"https:\/\/stact.at\/wp-content\/uploads\/2025\/02\/20240131_131211-1.jpg\" alt=\"\" class=\"wp-image-502\" style=\"aspect-ratio:3\/4;object-fit:cover\"\/><\/figure>\n<\/div>\n<\/div>\n<\/div>\n\n\n\n<div class=\"wp-block-group alignfull has-global-padding is-layout-constrained wp-container-core-group-is-layout-669513ed wp-block-group-is-layout-constrained\" style=\"margin-top:0;margin-bottom:0;padding-top:var(--wp--preset--spacing--50);padding-right:var(--wp--preset--spacing--50);padding-bottom:var(--wp--preset--spacing--50);padding-left:var(--wp--preset--spacing--50)\">\n<div class=\"wp-block-group is-vertical is-content-justification-center is-layout-flex wp-container-core-group-is-layout-ce155fab wp-block-group-is-layout-flex\">\n<h2 class=\"wp-block-heading has-text-align-center has-xx-large-font-size\"><strong>Manchmal braucht es Mut, eine Idee zu sagen, aber genau das macht Ver\u00e4nderung m\u00f6glich.<\/strong><\/h2>\n\n\n\n<p class=\"has-text-align-center\"><em>\u201eAm Anfang wussten wir nicht genau, was auf uns zukommt, aber jede*r von uns hatte eine Idee, eine Meinung oder einfach Neugier.\u201c\u00a0<\/em><\/p>\n\n\n\n<p class=\"has-text-align-center\">\u2013 Klasse 4c<\/p>\n<\/div>\n\n\n\n<div style=\"height:var(--wp--preset--spacing--30)\" aria-hidden=\"true\" class=\"wp-block-spacer\"><\/div>\n\n\n\n<div class=\"wp-block-columns alignwide is-layout-flex wp-container-core-columns-is-layout-4935966c wp-block-columns-is-layout-flex\" style=\"padding-right:0;padding-left:0\">\n<div class=\"wp-block-column is-layout-flow wp-block-column-is-layout-flow\">\n<figure class=\"wp-block-image size-full is-style-rounded is-style-rounded--2\"><img decoding=\"async\" width=\"1920\" height=\"2560\" src=\"https:\/\/stact.at\/wp-content\/uploads\/2025\/05\/IMG_0832-scaled.jpeg\" alt=\"\" class=\"wp-image-689\" style=\"aspect-ratio:1;object-fit:cover\" srcset=\"https:\/\/stact.at\/wp-content\/uploads\/2025\/05\/IMG_0832-scaled.jpeg 1920w, https:\/\/stact.at\/wp-content\/uploads\/2025\/05\/IMG_0832-225x300.jpeg 225w, https:\/\/stact.at\/wp-content\/uploads\/2025\/05\/IMG_0832-768x1024.jpeg 768w, https:\/\/stact.at\/wp-content\/uploads\/2025\/05\/IMG_0832-1152x1536.jpeg 1152w, https:\/\/stact.at\/wp-content\/uploads\/2025\/05\/IMG_0832-1536x2048.jpeg 1536w\" sizes=\"(max-width: 1920px) 100vw, 1920px\" \/><\/figure>\n\n\n\n<div class=\"wp-block-group is-vertical is-content-justification-center is-nowrap is-layout-flex wp-container-core-group-is-layout-21d4e958 wp-block-group-is-layout-flex\">\n<p class=\"has-text-align-center has-small-font-size\">Sch\u00fclerinnen der Klasse 4c<\/p>\n<\/div>\n<\/div>\n\n\n\n<div class=\"wp-block-column is-layout-flow wp-block-column-is-layout-flow\">\n<div class=\"wp-block-group is-vertical is-content-justification-center is-nowrap is-layout-flex wp-container-core-group-is-layout-63bfd6c1 wp-block-group-is-layout-flex\">\n<figure class=\"wp-block-image size-full is-style-rounded is-style-rounded--3\"><img decoding=\"async\" width=\"1920\" height=\"2560\" src=\"https:\/\/stact.at\/wp-content\/uploads\/2025\/05\/IMG_0873-scaled.jpeg\" alt=\"\" class=\"wp-image-687\" style=\"aspect-ratio:1;object-fit:cover\" srcset=\"https:\/\/stact.at\/wp-content\/uploads\/2025\/05\/IMG_0873-scaled.jpeg 1920w, https:\/\/stact.at\/wp-content\/uploads\/2025\/05\/IMG_0873-225x300.jpeg 225w, https:\/\/stact.at\/wp-content\/uploads\/2025\/05\/IMG_0873-768x1024.jpeg 768w, https:\/\/stact.at\/wp-content\/uploads\/2025\/05\/IMG_0873-1152x1536.jpeg 1152w, https:\/\/stact.at\/wp-content\/uploads\/2025\/05\/IMG_0873-1536x2048.jpeg 1536w\" sizes=\"(max-width: 1920px) 100vw, 1920px\" \/><\/figure>\n\n\n\n<p class=\"has-text-align-center has-small-font-size\">Sch\u00fcler der Klasse 4c<\/p>\n<\/div>\n<\/div>\n\n\n\n<div class=\"wp-block-column is-layout-flow wp-block-column-is-layout-flow\">\n<figure class=\"wp-block-image size-full is-style-rounded is-style-rounded--4\"><img loading=\"lazy\" decoding=\"async\" width=\"1920\" height=\"2560\" src=\"https:\/\/stact.at\/wp-content\/uploads\/2025\/05\/IMG_0835-scaled.jpeg\" alt=\"\" class=\"wp-image-688\" style=\"aspect-ratio:1;object-fit:cover\" srcset=\"https:\/\/stact.at\/wp-content\/uploads\/2025\/05\/IMG_0835-scaled.jpeg 1920w, https:\/\/stact.at\/wp-content\/uploads\/2025\/05\/IMG_0835-225x300.jpeg 225w, https:\/\/stact.at\/wp-content\/uploads\/2025\/05\/IMG_0835-768x1024.jpeg 768w, https:\/\/stact.at\/wp-content\/uploads\/2025\/05\/IMG_0835-1152x1536.jpeg 1152w, https:\/\/stact.at\/wp-content\/uploads\/2025\/05\/IMG_0835-1536x2048.jpeg 1536w\" sizes=\"(max-width: 1920px) 100vw, 1920px\" \/><\/figure>\n\n\n\n<div class=\"wp-block-group is-vertical is-content-justification-center is-nowrap is-layout-flex wp-container-core-group-is-layout-63bfd6c1 wp-block-group-is-layout-flex\">\n<p class=\"has-text-align-center has-small-font-size\">Sch\u00fclerinnen der Klasse 4c<\/p>\n<\/div>\n<\/div>\n\n\n\n<div class=\"wp-block-column is-layout-flow wp-block-column-is-layout-flow\">\n<figure class=\"wp-block-image size-full is-style-rounded is-style-rounded--5\"><img loading=\"lazy\" decoding=\"async\" width=\"1920\" height=\"2560\" src=\"https:\/\/stact.at\/wp-content\/uploads\/2025\/05\/IMG_0874-scaled.jpeg\" alt=\"\" class=\"wp-image-686\" style=\"aspect-ratio:1;object-fit:cover\" srcset=\"https:\/\/stact.at\/wp-content\/uploads\/2025\/05\/IMG_0874-scaled.jpeg 1920w, https:\/\/stact.at\/wp-content\/uploads\/2025\/05\/IMG_0874-225x300.jpeg 225w, https:\/\/stact.at\/wp-content\/uploads\/2025\/05\/IMG_0874-768x1024.jpeg 768w, https:\/\/stact.at\/wp-content\/uploads\/2025\/05\/IMG_0874-1152x1536.jpeg 1152w, https:\/\/stact.at\/wp-content\/uploads\/2025\/05\/IMG_0874-1536x2048.jpeg 1536w\" sizes=\"(max-width: 1920px) 100vw, 1920px\" \/><\/figure>\n\n\n\n<div class=\"wp-block-group is-vertical is-content-justification-center is-nowrap is-layout-flex wp-container-core-group-is-layout-21d4e958 wp-block-group-is-layout-flex\">\n<p class=\"has-text-align-center has-small-font-size\">Sch\u00fcler der Klasse 4c<\/p>\n<\/div>\n<\/div>\n<\/div>\n<\/div>\n\n\n\n<div class=\"wp-block-group alignfull has-accent-4-background-color has-background has-global-padding is-layout-constrained wp-container-core-group-is-layout-7cd14b77 wp-block-group-is-layout-constrained\" style=\"margin-top:0;margin-bottom:0;padding-top:var(--wp--preset--spacing--60);padding-right:var(--wp--preset--spacing--60);padding-bottom:var(--wp--preset--spacing--60);padding-left:var(--wp--preset--spacing--60)\">\n<div class=\"wp-block-group alignwide is-layout-flow wp-block-group-is-layout-flow\">\n<p class=\"has-text-align-center has-heading-font-family has-x-large-font-size\" style=\"font-style:normal;font-weight:400;line-height:1.2\">Unsere Schule, die MS Quellenstra\u00dfe, liegt im 10. Bezirk in Wien. Hier wird Vielfalt, Verantwortung und Kreativit\u00e4t nicht nur besprochen, sondern gelebt, besonders in unserer 4c, die gleichzeitig auch eine COOL-Klasse ist. COOL steht f\u00fcr \u201eCooperatives Offenes Lernen\u201c, das bedeutet: mehr Eigenverantwortung, selbstst\u00e4ndiges Arbeiten und Projekte, die wirklich etwas mit dem echten Leben zu tun haben.<\/p>\n\n\n\n<p class=\"has-text-align-center has-heading-font-family has-x-large-font-size\" style=\"font-style:normal;font-weight:400;line-height:1.2\">Im Rahmen des StAct-Projekts hatten wir die M\u00f6glichkeit, selbst ein Thema zu w\u00e4hlen, das uns interessiert und \u00fcber mehrere Monate besch\u00e4ftigt hat. Ob Recycling, Klimaschutz, Mobbing oder Lernhilfe, die Themen waren so unterschiedlich wie unsere Klasse.<\/p>\n<\/div>\n<\/div>\n\n\n\n<div class=\"wp-block-group alignfull has-accent-background-color has-background has-global-padding is-layout-constrained wp-container-core-group-is-layout-669513ed wp-block-group-is-layout-constrained\" style=\"margin-top:0;margin-bottom:0;padding-top:var(--wp--preset--spacing--50);padding-right:var(--wp--preset--spacing--50);padding-bottom:var(--wp--preset--spacing--50);padding-left:var(--wp--preset--spacing--50)\">\n<div class=\"wp-block-columns alignwide is-layout-flex wp-container-core-columns-is-layout-1da03c2a wp-block-columns-is-layout-flex\">\n<div class=\"wp-block-column is-vertically-aligned-stretch is-layout-flow wp-block-column-is-layout-flow\" style=\"flex-basis:50%\">\n<div class=\"wp-block-group is-vertical is-content-justification-stretch is-layout-flex wp-container-core-group-is-layout-444d5ee8 wp-block-group-is-layout-flex\" style=\"min-height:100%\">\n<p class=\"has-heading-font-family has-x-large-font-size\" style=\"line-height:1.2\">Wir haben:<\/p>\n\n\n\n<ul class=\"wp-block-list\">\n<li class=\"has-heading-font-family has-large-font-size\">Forschungsfragen formuliert<\/li>\n\n\n\n<li class=\"has-heading-font-family has-large-font-size\">Interviews gef\u00fchrt<\/li>\n\n\n\n<li class=\"has-heading-font-family has-large-font-size\">eigene Ideen entwickelt<\/li>\n\n\n\n<li class=\"has-heading-font-family has-large-font-size\">Pr\u00e4sentationen, Plakate und Videos erstellt<\/li>\n\n\n\n<li class=\"has-heading-font-family has-large-font-size\">und vor allem: gelernt, dass wir selbst etwas ver\u00e4ndern k\u00f6nnen.<\/li>\n<\/ul>\n\n\n\n<div style=\"height:25px\" aria-hidden=\"true\" class=\"wp-block-spacer wp-container-content-c00f5982\"><\/div>\n\n\n\n<p class=\"has-heading-font-family has-x-large-font-size\" style=\"line-height:1.2\">Durch das Projekt wurde deutlich:<\/p>\n\n\n\n<p class=\"has-accent-3-color has-text-color has-link-color has-heading-font-family has-large-font-size wp-elements-d3fa51918c285d78943345eb30c7a580\" style=\"line-height:1.2\"><strong>Wenn junge Menschen Freiraum und Vertrauen bekommen, wachsen sie \u00fcber sich hinaus.<\/strong><\/p>\n<\/div>\n<\/div>\n\n\n\n<div class=\"wp-block-column is-vertically-aligned-center is-layout-flow wp-block-column-is-layout-flow\" style=\"flex-basis:50%\">\n<figure class=\"wp-block-image aligncenter size-large is-style-rounded is-style-rounded--6\"><img loading=\"lazy\" decoding=\"async\" width=\"768\" height=\"1024\" src=\"https:\/\/stact.at\/wp-content\/uploads\/2025\/05\/IMG_0830-768x1024.jpeg\" alt=\"\" class=\"wp-image-690\" style=\"aspect-ratio:3\/4;object-fit:cover\" srcset=\"https:\/\/stact.at\/wp-content\/uploads\/2025\/05\/IMG_0830-768x1025.jpeg 768w, https:\/\/stact.at\/wp-content\/uploads\/2025\/05\/IMG_0830-225x300.jpeg 225w, https:\/\/stact.at\/wp-content\/uploads\/2025\/05\/IMG_0830-1151x1536.jpeg 1151w, https:\/\/stact.at\/wp-content\/uploads\/2025\/05\/IMG_0830-1535x2048.jpeg 1535w, https:\/\/stact.at\/wp-content\/uploads\/2025\/05\/IMG_0830-scaled.jpeg 1919w\" sizes=\"(max-width: 768px) 100vw, 768px\" \/><figcaption class=\"wp-element-caption\">Klassenfoto der 4c mit ihrem Lehrer Benjamin Hupfer<\/figcaption><\/figure>\n<\/div>\n<\/div>\n<\/div>\n\n\n\n<div class=\"wp-block-group alignfull has-base-2-background-color has-background has-global-padding is-layout-constrained wp-container-core-group-is-layout-669513ed wp-block-group-is-layout-constrained\" style=\"margin-top:0;margin-bottom:0;padding-top:var(--wp--preset--spacing--50);padding-right:var(--wp--preset--spacing--50);padding-bottom:var(--wp--preset--spacing--50);padding-left:var(--wp--preset--spacing--50)\">\n<div class=\"wp-block-group is-vertical is-content-justification-center is-layout-flex wp-container-core-group-is-layout-52b864f0 wp-block-group-is-layout-flex\">\n<h2 class=\"wp-block-heading has-text-align-center is-style-asterisk\">Die Themen, mit denen wir uns besch\u00e4ftigt haben:<\/h2>\n\n\n\n<div style=\"height:0px\" aria-hidden=\"true\" class=\"wp-block-spacer wp-container-content-4f2ccadb\"><\/div>\n<\/div>\n\n\n\n<div style=\"margin-top:0;margin-bottom:0;height:var(--wp--preset--spacing--40)\" aria-hidden=\"true\" class=\"wp-block-spacer\"><\/div>\n\n\n\n<div class=\"wp-block-columns alignwide is-layout-flex wp-container-core-columns-is-layout-d0bbbce0 wp-block-columns-is-layout-flex\">\n<div class=\"wp-block-column is-layout-flow wp-container-core-column-is-layout-e3d1c41b wp-block-column-is-layout-flow\">\n<h3 class=\"wp-block-heading has-text-align-left is-style-asterisk has-body-font-family has-medium-font-size\" style=\"font-style:normal;font-weight:600\">Recycling<\/h3>\n\n\n\n<p class=\"has-text-align-left\">Wir haben uns gefragt, warum viele Leute ihren M\u00fcll nicht trennen oder Plastik einfach \u00fcberall hinwerfen. Es war uns wichtig zu zeigen, dass jede*r einen Unterschied machen kann, wenn man nur ein bisschen aufpasst<\/p>\n<\/div>\n\n\n\n<div class=\"wp-block-column is-layout-flow wp-container-core-column-is-layout-e3d1c41b wp-block-column-is-layout-flow\">\n<h3 class=\"wp-block-heading has-text-align-left is-style-asterisk has-body-font-family has-medium-font-size\" style=\"font-style:normal;font-weight:600\">Mobbing<\/h3>\n\n\n\n<p class=\"has-text-align-left\">Unser Thema war Mobbing. Wir wollten zeigen, wie schlimm es ist, ausgegrenzt zu werden. Aber auch, wie viel ein bisschen Freundlichkeit und Zusammenhalt bewirken kann.<\/p>\n<\/div>\n\n\n\n<div class=\"wp-block-column is-layout-flow wp-container-core-column-is-layout-e3d1c41b wp-block-column-is-layout-flow\">\n<h3 class=\"wp-block-heading has-text-align-left is-style-asterisk has-body-font-family has-medium-font-size\" style=\"font-style:normal;font-weight:600\">Lernbuddy<\/h3>\n\n\n\n<p class=\"has-text-align-left\">Wir haben oft gemerkt, dass manche Sch\u00fcler*innen Hilfe brauchen, sich aber nicht trauen, zu fragen. Unser Projekt will zeigen: Lernen ist kein Wettkampf, man kann gemeinsam st\u00e4rker sein.<\/p>\n<\/div>\n<\/div>\n\n\n\n<div style=\"height:var(--wp--preset--spacing--20)\" aria-hidden=\"true\" class=\"wp-block-spacer\"><\/div>\n\n\n\n<div class=\"wp-block-columns alignwide is-layout-flex wp-container-core-columns-is-layout-d0bbbce0 wp-block-columns-is-layout-flex\">\n<div class=\"wp-block-column is-layout-flow wp-container-core-column-is-layout-e3d1c41b wp-block-column-is-layout-flow\">\n<h3 class=\"wp-block-heading has-text-align-left is-style-asterisk has-body-font-family has-medium-font-size\" style=\"font-style:normal;font-weight:600\">Umweltschutz<\/h3>\n\n\n\n<p class=\"has-text-align-left\">Viele von uns wussten, dass Umweltschutz wichtig ist, aber was kann man als Einzelner wirklich tun? Genau damit haben wir uns besch\u00e4ftigt.<\/p>\n<\/div>\n\n\n\n<div class=\"wp-block-column is-layout-flow wp-container-core-column-is-layout-e3d1c41b wp-block-column-is-layout-flow\">\n<h3 class=\"wp-block-heading has-text-align-left is-style-asterisk has-body-font-family has-medium-font-size\" style=\"font-style:normal;font-weight:600\">Nachhaltigkeit<\/h3>\n\n\n\n<p class=\"has-text-align-left\">Wir wollten wissen, wie man nachhaltiger leben kann und zwar nicht irgendwann, sondern jetzt. Daf\u00fcr haben wir mit anderen gesprochen, diskutiert und neue Ideen gesammelt.<\/p>\n<\/div>\n\n\n\n<div class=\"wp-block-column is-layout-flow wp-container-core-column-is-layout-e3d1c41b wp-block-column-is-layout-flow\"><\/div>\n<\/div>\n<\/div>\n\n\n\n<p><\/p>\n","protected":false},"excerpt":{"rendered":"<p>Unsere Schule versteht sich als Bildungseinrichtung f\u00fcr Kinder mit unterschiedlichsten Talenten, Lebenswelten und pers\u00f6nlichen Bed\u00fcrfnissen. Diese individuellen Merkmale und die F\u00f6rderung jedes einzelnen Kindes stehen im Mittelpunkt unseres p\u00e4dagogischen Handelns. Besonders wichtig sind uns: wertsch\u00e4tzender Umgang, Gewaltfreiheit, Sozial- und Lebenskompetenzen, F\u00f6rderung der kulturellen Kompetenzen, Vermittlung vom sorgsamen und nachhaltigen Umgang mit unserer Umwelt sowie die [&hellip;]<\/p>\n","protected":false},"author":2,"featured_media":0,"parent":0,"menu_order":0,"comment_status":"closed","ping_status":"closed","template":"","meta":{"footnotes":""},"class_list":["post-480","page","type-page","status-publish","hentry"],"_links":{"self":[{"href":"https:\/\/stact.at\/index.php?rest_route=\/wp\/v2\/pages\/480","targetHints":{"allow":["GET"]}}],"collection":[{"href":"https:\/\/stact.at\/index.php?rest_route=\/wp\/v2\/pages"}],"about":[{"href":"https:\/\/stact.at\/index.php?rest_route=\/wp\/v2\/types\/page"}],"author":[{"embeddable":true,"href":"https:\/\/stact.at\/index.php?rest_route=\/wp\/v2\/users\/2"}],"replies":[{"embeddable":true,"href":"https:\/\/stact.at\/index.php?rest_route=%2Fwp%2Fv2%2Fcomments&post=480"}],"version-history":[{"count":4,"href":"https:\/\/stact.at\/index.php?rest_route=\/wp\/v2\/pages\/480\/revisions"}],"predecessor-version":[{"id":692,"href":"https:\/\/stact.at\/index.php?rest_route=\/wp\/v2\/pages\/480\/revisions\/692"}],"wp:attachment":[{"href":"https:\/\/stact.at\/index.php?rest_route=%2Fwp%2Fv2%2Fmedia&parent=480"}],"curies":[{"name":"wp","href":"https:\/\/api.w.org\/{rel}","templated":true}]}}